ist the prime factors of j.
157
Let b(y) = -3455*y**3 - 2*y**2 - y + 1. List the prime factors of b(-1).
5, 691
Let s be 76*(15/(-45) - 51/(-18)). What are the prime factors of 224220/s - 0 - 4/38?
2, 5, 59
Let q = 4193 + 16743. What are the prime factors of q?
2, 2617
Let d(v) = -360 + 78*v - 365 + 1069 - 389. List the prime factors of d(4).
3, 89
Suppose -57*b - 54*b - 2787837 + 12346602 = 0. What are the prime factors of b?
3, 5, 5741
Let s(v) = v**2 - 1. Let f(l) = l**3 + l**2 - l + 4. Let m(c) = -f(c) - s(c). Let d be m(-3). What are the prime factors of (d/((-18)/110))/(3/(-18))?
2, 5, 11
Let q = -19 - -21. Let a(l) = 8*l - 8. Let p be a(2). What are the prime factors of q/p - (-858)/88?
2, 5
Let w(j) be the third derivative of 9*j**5/20 + 7*j**4/6 - 16*j**3 + 13*j**2 - 4. List the prime factors of w(4).
2, 7
Suppose 33*a = -23*a + 263424. Suppose 21*r = 14*r + a. List the prime factors of r.
2, 3, 7
Let x(r) = r**2 - 11*r + 24. Let a be x(8). Let d(h) = h**3 - h**2 - 6*h + 631. List the prime factors of d(a).
631
Let p(l) = -46*l**3 - 5*l**2 + 3*l + 1. Let y be p(-3). Suppose -3*j = 5*k - y, -j + 138 = 3*k - 573. What are the prime factors of k?
2, 59
Let z(d) = -d**2 + 18*d - 3. Let h be (-3 + 0 - -4)/1. Let m be h*((-2)/(-6))/((-8)/(-264)). List the prime factors of z(m).
2, 37
Suppose -4*d = 2*p + 3972 - 1204, -6 = -3*p. Let r = -139 - d. List the prime factors of r.
2, 277
Suppose -24*y + 42040 = -20*y - 5*i, -2*y + 21014 = -i. What are the prime factors of y?
5, 11, 191
Let i = -4 - -11. Let z(w) = -139*w - 177. Let j(o) = 27*o + 35. Let c(h) = 11*j(h) + 2*z(h). List the prime factors of c(i).
2, 41
What are the prime factors of (1772/(-4873))/(2/(-238711))?
2, 21701
Let q = -3272 + 4466. What are the prime factors of q?
2, 3, 199
Let z(a) be the third derivative of -a**5/60 - a**4/6 + 11*a**3/3 - 8*a**2. Let f be z(-7). List the prime factors of 183 + ((-9)/(-3) - f).
5, 37
Suppose b - 30 = -5*k, 4*b - 76 = -k + 6. Let f(z) = -z**3 + 21*z**2 - 19*z - 17. Let s be f(b). What are the prime factors of s + -3 + 2 + 196?
2, 3, 11
Let h be -108*5/(-20)*-2. Let s = -49 - h. Let l(y) = -y**3 + 7*y**2 + y + 3. What are the prime factors of l(s)?
2, 29
Suppose y - 12 = -3*g + 169, g = 2*y - 397. Let v = -1381 + 1287. Let b = v + y. List the prime factors of b.
2, 3, 17
Let o be 32/(-6)*(0 - (-27)/(-36)). Suppose -5*a = 0, -1 = o*x + 3*a - 609. What are the prime factors of x?
2, 19
Let y(c) = 1534*c**2 + 24*c + 58. What are the prime factors of y(4)?
2, 53, 233
Let f = -17556 + 26167. What are the prime factors of f?
79, 109
Let z = -30 + 103. Let l = z + 378. Suppose 0 = -4*f - 5*w + 605, -3*f + l = -0*w + w. List the prime factors of f.
2, 3, 5
Let q(b) = 24*b**2 + 56*b - 67. List the prime factors of q(9).
2381
Let k(v) = 17*v**2 - 5*v. Suppose -20*u + 0*u = 100. List the prime factors of k(u).
2, 3, 5
Let v = 45279 + 7441. What are the prime factors of v?
2, 5, 659
Let f be (-62)/(-155) - 27/5. Let u be 63/(-12) + f/(-20). List the prime factors of 292/2*u/(-10).
73
Suppose 4*x - 2680 = -v, -346 = 4*x + 4*v - 3038. Let s = x + 31. What are the prime factors of s?
2, 5, 7
Let i(h) = -74*h - 48. Let x be (46/184)/((-2)/24). What are the prime factors of i(x)?
2, 3, 29
Suppose 0*s - 3*o + 3154 = s, -5*s + 5*o = -15790. Suppose -11*m + s = -0*m. What are the prime factors of m?
7, 41
Suppose -1518 + 4310 = 2*z. Suppose -5*u + z = o + o, 0 = u + 2*o - 284. Suppose 3*r = 2*p - 3*p + 427, 2*r = p + u. What are the prime factors of r?
3, 47
Let s = -9664 + 16592. List the prime factors of s.
2, 433
Let k(c) be the first derivative of 11*c**4/4 - c**2/2 + 2*c - 58. List the prime factors of k(3).
2, 37
Suppose 5*v - 104 = 16. Let p = 24 - v. Suppose 2*o + 3*t - 3 = 0, p = -5*t - 19 + 4. List the prime factors of o.
2, 3
Let t(z) be the first derivative of z**5/20 - 13*z**4/24 + 19*z**3/6 - z**2 + 1. Let f(i) be the second derivative of t(i). What are the prime factors of f(8)?
107
Suppose 5 + 4 = 3*s. Suppose -w - 3 = -a + 2, s*w + 3*a = -9. List the prime factors of ((-114)/w)/(30/80).
2, 19
What are the prime factors of (-132666)/(-23) + -7*(-28)/(-2254)?
2, 7, 103
Let q = -20030 - -50957. List the prime factors of q.
3, 13, 61
Suppose 0 = -5*k - 2*n - 264, -3*k - 168 = 2*n - 4*n. List the prime factors of ((-3487)/(-634))/((-1)/k + 0).
3, 11
Let r(x) = -x - 2. Let f be r(2). Let s(y) = 15*y**2 - 20*y - 73. List the prime factors of s(f).
13, 19
List the prime factors of ((-185)/3)/((-102)/22644).
2, 5, 37
Let p = 44 - 28. Let z be ((-1)/(-2))/((-1)/p). List the prime factors of -7 - -66 - z/2.
3, 7
Suppose -4*a + 28 = 3*a. Suppose -a*h = -11*h + 14. List the prime factors of ((-16)/4 - -11)/(h/24).
2, 3, 7
Let b(p) = -9*p + 40. Let m be b(4). Suppose 0*x - x - f = -601, -x = m*f - 601. List the prime factors of x.
601
Let g(n) = 1343*n**2 + n + 1. Let r be g(-1). Suppose 49*y - 32*y = r. What are the prime factors of y?
79
Let c(k) = -3215*k + 26. List the prime factors of c(-1).
7, 463
Suppose 70*b = 39*b. Let p(r) = 2*r**3 - r**2 - 32. Let o(q) = -5*q**3 + 2*q**2 + 63. Let u(c) = -3*o(c) - 7*p(c). What are the prime factors of u(b)?
5, 7
Let s(h) = -27*h + 79. Let u(r) = -26*r + 80. Let j(w) = -4*s(w) + 3*u(w). What are the prime factors of j(16)?
2, 101
Let v be ((-1 - 0) + 28)/(1/13). Let l = v + -95. Let c = l - 164. What are the prime factors of c?
2, 23
Suppose 4*t + 6623 = 3*h, 3*h + 4*t - 6625 = 9*t. Suppose h = -550*q + 557*q. What are the prime factors of q?
3, 5, 7
Let m = -77 - -80. Let z(v) = 18*v**2 + 2*v + 3. List the prime factors of z(m).
3, 19
What are the prime factors of (-315)/(-60)*(20 - -3952)?
3, 7, 331
Let o(l) = 6*l**2 + 41*l + 725. What are the prime factors of o(-25)?
2, 3, 5, 23
Let g = 13227 - 6623. List the prime factors of g.
2, 13, 127
Let n(x) = -26*x - 156. Let b be n(-6). Suppose b = 8*d - 4227 - 493. What are the prime factors of d?
2, 5, 59
Let n be (-10)/(-30) - (-3 + (-2144)/3). Let v = n + 210. List the prime factors of v.
2, 29
Suppose 4*d + d = -w + 20, 0 = w + 4*d - 21. Suppose 0 = -o + 2, -28*i + 3*o = -w*i - 2592. What are the prime factors of i?
2, 433
Let s = 10188 - 4939. List the prime factors of s.
29, 181
Let s = 533 - 522. Suppose -s*p = -4715 - 235. List the prime factors of p.
2, 3, 5
Let k(h) = 231*h - 2715. What are the prime factors of k(81)?
2, 3, 31, 43
List the prime factors of 4024649/145 - (-24)/30.
41, 677
Suppose -34*m - 353841 = -113*m. List the prime factors of m.
3, 1493
Suppose -4*t = -7*h + 4*h - 3365, h + 841 = t. Let m = t + -521. List the prime factors of m.
3, 107
Suppose 2*a + i - 17145 = 0, -269*i = -273*i + 28. What are the prime factors of a?
11, 19, 41
Let p(o) be the first derivative of -5/2*o**2 - 12*o + 13. List the prime factors of p(-8).
2, 7
What are the prime factors of -3 + 5 - 25/(175/(-35196))?
2, 5, 503
Let m be (12/(-10))/(6/40). Let y = -13 + m. Let c = -18 - y. List the prime factors of c.
3
Let x = 37 + -21. Let s = 22 - x. Let c(g) = 25*g + 9. What are the prime factors of c(s)?
3, 53
Suppose -8*s - 6 + 46 = 0. Suppose -s*x + 3*d + 567 = -2700, -4*x = 5*d - 2584. What are the prime factors of x?
3, 7, 31
Suppose -16*x + 1652458 = 19*x - 560382. What are the prime factors of x?
2, 7, 1129
Let w be 21 + (-12 - -7) + -2*2. Suppose -b + 525 = -4*n, 10*b + 5*n = w*b - 1059. What are the prime factors of b?
3, 179
List the prime factors of ((-28)/420 + (-194)/15)*-1724.
2, 13, 431
Let n = -5603 + 12626. List the prime factors of n.
3, 2341
Let b(v) = 4*v + 4. Let z be b(-6). Let q be z/6*5*3. Let m = -47 - q. What are the prime factors of m?
3
Let q be (1640/5)/4 - -2. Suppose 4*y + 3*y = q. Let p = y - 10. List the prime factors of p.
2
Let h = -22 + 18. Let k be 6/h*(16/(-6) + -2). Suppose -301 = -3*l + 5*z, -5*z - k = -l + 110. List the prime factors of l.
2, 23
Let a(r) = -8*r**2 + 5*r - 5. Let f be a(3). Let l = -11 - f. Suppose l + 40 = q. What are the prime factors of q?
7, 13
Let f = -46 + 56. Let y be 8/f*(-10)/(-4). Suppose -u + 71 = -0*u - 3*x, y*u - 142 = -4*x. What are the prime factors of u?
71
Suppose i = -5*r + 964, 5*i - 2*r = 3*i + 1976. Suppose -1000 = -2*w + w + p, -3*p = w - i. What are the prime factors of w?
2, 3, 83
Suppose -